3 + 313020013?
313020022
In base 4, what is -1 + -30033301?
-30033302
In base 11, what is -1132 - 178?
-12aa
In base 16, what is -245dc - 3?
-245df
In base 6, what is 1220145 - -3?
1220152
In base 10, what is -5702 - -45?
-5657
In base 15, what is 1428 - 1d6?
1242
In base 13, what is -190b + -11a?
-1a28
In base 15, what is -c4e + -53?
-ca2
In base 15, what is 2a2 - 15?
28c
In base 7, what is -4 + -23433?
-23440
In base 4, what is 33003 + -220232?
-121223
In base 7, what is 26336 + -11?
26325
In base 6, what is -2003 + -1023?
-3030
In base 5, what is 30 + 103003?
103033
In base 12, what is a93 + 160?
1033
In base 14, what is -a1 + 1c9?
128
In base 10, what is -4 - 284611?
-284615
In base 2, what is -11100001100101010000 + -100?
-11100001100101010100
In base 2, what is 101001001001000 - 101?
101001001000011
In base 4, what is -32332 + 22011?
-10321
In base 16, what is -5d4 + 10?
-5c4
In base 4, what is -11 + -122001?
-122012
In base 13, what is 4345 - -32?
4377
In base 2, what is -111011001010000 + -100?
-111011001010100
In base 7, what is 3160 - 32?
3125
In base 4, what is 30303 + 111?
31020
In base 7, what is -511 + -155?
-666
In base 16, what is -1 - 133475?
-133476
In base 10, what is 36 - 1642?
-1606
In base 10, what is -110 - 27?
-137
In base 8, what is 7650 - 30?
7620
In base 15, what is 2b + 18c3?
18ee
In base 6, what is -4200 - -115?
-4041
In base 12, what is 3 + -a243?
-a240
In base 9, what is 265 - -644?
1020
In base 14, what is -7 + 9b79?
9b72
In base 3, what is 22022202 - 20?
22022112
In base 14, what is d39 + -25?
d14
In base 8, what is -1415 + 10?
-1405
In base 10, what is 1 - 345149?
-345148
In base 7, what is -26 + 3011?
2652
In base 16, what is 94 - 92e?
-89a
In base 16, what is 7b2 - 59?
759
In base 7, what is -2 - 222414?
-222416
In base 3, what is 110002022000 - 2?
110002021221
In base 2, what is -1011010 - 10111011011?
-11000110101
In base 2, what is -1000000101111 - 1?
-1000000110000
In base 9, what is 0 - 17346?
-17346
In base 10, what is -342169 + -3?
-342172
In base 9, what is -287251 + 1?
-287250
In base 10, what is 3 + 24670?
24673
In base 7, what is -310641 + 5?
-310633
In base 8, what is -2 + -1266?
-1270
In base 13, what is -b429 + 4?
-b425
In base 11, what is -3 + 1039050?
1039048
In base 8, what is 122006 + -3?
122003
In base 9, what is -32513 + -12?
-32525
In base 15, what is -4 - -14ec85?
14ec81
In base 2, what is -101 - -1011010001010001110?
1011010001010001001
In base 5, what is -330204 + -121?
-330330
In base 4, what is 220 - -213012?
213232
In base 3, what is 2 - 1221001012?
-1221001010
In base 5, what is -3 + -343241?
-343244
In base 12, what is -4 + 13b08?
13b04
In base 16, what is e18 + 2?
e1a
In base 10, what is -21 - 631?
-652
In base 14, what is -3c8 + -7bc?
-ba6
In base 5, what is -3 - -40431?
40423
In base 15, what is -de1 + -17?
-e08
In base 11, what is -2101a - -2?
-21018
In base 5, what is 40 + 1120?
1210
In base 11, what is 28a + 628?
907
In base 15, what is 4e06 + -20?
4dd6
In base 3, what is 2222121200120 + 1?
2222121200121
In base 5, what is -232100 + -320?
-232420
In base 6, what is -1135 + 1451?
312
In base 10, what is 191 - -188?
379
In base 15, what is -2795e9 + -2?
-2795eb
In base 13, what is 19a1a - -2?
19a1c
In base 12, what is -391 - b?
-3a0
In base 6, what is 5 + -251525?
-251520
In base 12, what is b67a - -4?
b682
In base 2, what is -1 + 1100111011000010111?
1100111011000010110
In base 12, what is b7 - -754?
84b
In base 12, what is -b81 + -1?
-b82
In base 9, what is -153005 - 3?
-153008
In base 8, what is 21 + -1236?
-1215
In base 15, what is -4ad9 + -1?
-4ada
In base 15, what is 56 + e2?
148
In base 13, what is 25 - -1941?
1966
In base 9, what is -3 + -138631?
-138634
In base 4, what is -1 - 1113203101?
-1113203102
In base 11, what is a3 - 141?
-49
In base 6, what is 134233 - 2?
134231
In base 13, what is a - -1ba7?
1bb4
In base 15, what is -3 + -2e0cd?
-2e0d1
In base 14, what is -1b + c7b?
c60
In base 10, what is -112 - 353?
-465
In base 13, what is -25772 + a?
-25765
In base 10, what is -3086 + 87?
-2999
In base 16, what is -28 - 287d?
-28a5
In base 3, what is 0 + -1100020110?
-1100020110
In base 13, what is -13681 + 37?
-13647
In base 3, what is -112 + 1000100200?
1000100011
In base 14, what is 7739 + 1?
773a
In base 5, what is -333 + -1000?
-1333
In base 10, what is 9 - 25933?
-25924
In base 11, what is -7739 - -97?
-7652
In base 10, what is 0 - 194717?
-194717
In base 10, what is 5 - 31366?
-31361
In base 14, what is 32391 + 0?
32391
In base 4, what is -120132113 - 3?
-120132122
In base 4, what is -21121131 + -2?
-21121133
In base 10, what is -33997 - -1?
-33996
In base 14, what is -1b8c - 4a?
-1bd8
In base 9, what is -1 - 101763?
-101764
In base 14, what is -3982 + -db?
-3a7d
In base 15, what is -6 + 2a76?
2a70
In base 15, what is -1943 - -4?
-193e
In base 2, what is -10100001011 + 1001?
-10100000010
In base 2, what is -101100 - 10001111?
-10111011
In base 7, what is 10516030 - 2?
10516025
In base 11, what is 14a26 - -35?
14a60
In base 2, what is 1110 + 1110010010?
1110100000
In base 9, what is -1 + -16537?
-16538
In base 15, what is 4 - a37dc?
-a37d8
In base 16, what is -3 - c647?
-c64a
In base 3, what is 1120 - -1110010001?
1110011121
In base 11, what is -142 + -30?
-172
In base 9, what is 1014153 - -3?
1014156
In base 3, what is 10121000021 - 10?
10121000011
In base 2, what is -101 + -101010000110101?
-101010000111010
In base 13, what is 1005 - -c6?
10cb
In base 16, what is b14 - 37?
add
In base 4, what is -123123 + -2301?
-132030
In base 10, what is -1787516 + -1?
-1787517
In base 12, what is -149a5 - 24?
-14a09
In base 9, what is 20305 - -7?
20313
In base 5, what is -10 - -30122?
30112
In base 13, what is 56a + -54?
516
In base 10, what is 225 + 15?
240
In base 7, what is -115053 + 13?
-115040
In base 13, what is 334351 + 2?
334353
In base 9, what is -41623 - 24?
-41647
In base 6, what is -4 + -315451?
-315455
In base 15, what is -41 + 1dd?
19c
In base 11, what is -2a4 + -203?
-4a7
In base 4, what is 3 + -11212121222?
-11212121213
In base 16, what is 541 - 7?
53a
In base 12, what is 8b1 - -1b0?
aa1
In base 6, what is 123413 + -14?
123355
In base 5, what is -1 + 410200?
410144
In base 7, what is -420 - -116310?
115560
In base 14, what is -5d9c - 3c?
-5dda
In base 11, what is -2 + -30078?
-3007a
In base 11, what is 6 - 8a3548?
-8a3542
In base 5, what is -4221 + 13241?
4020
In base 7, what is 1062 - 61?
1001
In base 4, what is 32 - -2132022?
2132120
In base 6, what is 5 + -3031514?
-3031505
In base 15, what is -55402 - -2?
-55400
In base 6, what is -1323 - -255?
-1024
In base 16, what is -50f11 - 0?
-50f11
In base 6, what is -14453 - 22?
-14515
In base 14, what is -3 - 354a?
-354d
In base 10, what is -339375 + 15?
-339360
In base 9, what is 17 + 18636?
18654
In base 2, what is -101 - 10011001110?
-10011010011
In base 7, what is -1112541 - -4?
-1112534
In base 16, what is -45c3 + b?
-45b8
In base 6, what is 202132 + -5?
202123
In base 6, what is 413300 + 3?
413303
In base 2, what is 110101 + -11100010?
-10101101
In base 10, what is -6107 + -908?
-7015
In base 14, what is 82 + -196?
-114
In base 11, what is -32 + 13a88?
13a56
In base 16, what is 1a - -26e?
288
In base 9, what is 4 + -755844?
-755840
In base 9, what is 5 - 26033?
-26027
In base 5, what is -32311143 + 3?
-32311140
In base 7, what is -16315053 + 6?
-16315044
In base 7, what is 253 - -434?
1020
In base 8, what is -52006 + 4?
-52002
In base 13, what is 5 - -27552?
27557
In base 6, what is 4224204 + 3?
4224211
In base 12, what is -688 - -97?
-5b1
In base 6, what is -305452 + 2?
-305450
In base 5, what is 332120 + 1210?
333330
In base 16, what is 24 - -406?
42a
In base 7, what is 341 - -103223?
103564
In base 16, what is -4274 - -118?
-415c
In base 7, what is -234 - -5443?
5206
In base 5, what is -40013113 - 1?
-40013114
In base 7, what is -1335 + 6341?
5003
In base 7, what is -4 - 1205236?
-1205243
In base 12, what is 851 + 214?
a65
In base 13, what is 85 - -183?
238
In base 6, what is -230 + -215523?
-220153
In base 8, what is 35040 - 123?
34715
In base 3, what is 1 + 10021111211?
10021111212
In base 9, what is -6855616 - 3?
-6855620
In base 15, what is -25d8a6 + -4?
-25d8aa
In base 10, what is -1924 + 118?
-